10*t**2 - 1. Let i(r) = -r**3 - 19*r**2 - 3*r - 26. Let p be i(-19). Suppose -4*o + 3*z + p = 0, -2*z - 44 = -3*o - 2*o. Calculate v(o).
-1
Let j(k) = -k + 1. Let b be 0 - 2 - (-1 + (9 - 2)). Let a(v) = v**3 + 9*v**2 + 8*v - 8. Let t be a(b). What is j(t)?
9
Suppose 2*w - 4*s - 1348 = 0, -2*w + 2*s - 7*s + 1357 = 0. Let x = 670 - w. Let h(n) = 2*n**2 + 11*n - 6. What is h(x)?
0
Suppose 2*v - 2 = -0*s - 4*s, 5*s - 25 = 2*v. Let x be -7*(0 + 4 + v). Let r(f) = 5*f - 35. Let d be r(x). Let w(i) = -i. Calculate w(d).
0
Let f(p) = -535*p - 4892. Let c(s) = -173*s - 1630. Let k(n) = -10*c(n) + 3*f(n). Calculate k(-13).
-1
Let d(x) = -8 + 9*x + 2*x**2 - 4*x**2 + x**2. Let b be d(8). Let v(p) = -25*p**3 - 160*p**3 + 184*p**3. Calculate v(b).
0
Let y = -588926 - -588925. Let l(d) = -16*d**2 - 11*d - 9. Let f(n) = 8*n**2 + 6*n + 5. Let i(x) = 11*f(x) + 6*l(x). Calculate i(y).
-7
Let v(f) = -7*f + 13*f + 1127 - 10*f - 1132. What is v(3)?
-17
Let a(o) = 7*o - 3. Let c(u) = u + 5. Let f(z) = z + 8. Let b(n) = -3*c(n) + 2*f(n). Let s(k) = a(k) + 6*b(k). Give s(3).
6
Let f be 38/(-14) - (-22)/(-77). Suppose l + 6984 = 4*l. Let o(h) = 2 + l*h - 2329*h - 6. Calculate o(f).
-1
Suppose -546 = -94*m - 88*m. Let r(g) be the second derivative of 2/3*g**m - 1/2*g**2 + 0 - 18*g. Give r(-2).
-9
Let h(k) = -9*k**3 + k**2 - k + 20. Let f(x) = 5*x**3 - 11 - 18*x + 39*x - 20*x. Let m(w) = -11*f(w) - 6*h(w). Let s = -6 - -1. Give m(s).
1
Let y(q) = -19*q + 8 - 20*q - 30 + 38*q. Give y(-16).
-6
Let j(w) = -4*w - 3. Let y(o) = 33*o + 20. Let i(n) = -6*j(n) - y(n). What is i(4)?
-38
Let j = -2 - 3. Let g = 1 - j. Let r(b) = 5*b + 0*b - 13 - 2*b - b - b. What is r(g)?
-7
Let d(a) = -71*a + 225. Let u(p) = 23*p - 59. Let m(x) = -2*d(x) - 7*u(x). Determine m(-6).
77
Let q be 169/39 + 14/21. Suppose -10 = 2*s - 6*s - q*v, 0 = -2*s - 2*v + 4. Let m(d) = 11 + 2*d - 3*d + 11 + d**3 + d**2. What is m(s)?
22
Let g = 39 - 45. Let l(b) be the second derivative of -b**3/6 - 3*b**2/2 + 41*b. Give l(g).
3
Suppose 1217*r - 1216*r + 4*t = 0, -4*r - 3*t = 26. Let a(i) = i**2 + 14*i + 10. Determine a(r).
-38
Let j(k) = k**2 - 2*k - 2. Let p(b) = -b**2 + 4*b + 4. Let q be p(3). Suppose -11*y - 66 = -22*y. Let w be y - (-3 + q + 0). Give j(w).
-2
Let f(y) = 4279*y + 228 + 4318*y - 8576*y + 170. Determine f(-19).
-1
Let c(u) be the first derivative of 3*u**2/2 + 3*u + 1. Let w = -31086 - -31081. What is c(w)?
-12
Let j(n) be the first derivative of -4*n**3/3 + 185*n**2/2 - 51*n + 10993. Calculate j(46).
-5
Let k = -45 - -48. Let o(h) = -104*h**k + 52*h**3 - 8*h + 4 - 4*h**2 + 53*h**3. Let u(v) = -v**2 - 4*v + 5. Let c be u(-4). Determine o(c).
-11
Let f(t) = -79 - 77 + 339 + 3*t - 87 - 81. Let o be 4 - (0 + 4) - 7. Determine f(o).
-6
Let y(m) = -30*m**2 + 66*m - 44. Let k(o) = -4*o**2 + 9*o - 6. Let v(i) = 44*k(i) - 6*y(i). What is v(-1)?
4
Let u(a) = -7*a**3 + a. Suppose -38*o + 35*o = 3. Let l be u(o). Let c(h) = -3*h + 3 + 5 + 2*h. Give c(l).
2
Let j(u) be the first derivative of u**6/120 + u**3/6 - 9*u**2/2 - 7*u + 29. Let c(p) be the second derivative of j(p). What is c(2)?
9
Let t(w) = -w - 2*w + 8 + 6*w. Suppose 4*r - q + 172 = 3*q, 4*r - 3*q + 171 = 0. Let m be 2/r*3 - (-96)/(-14). Calculate t(m).
-13
Let g(f) = f**2 + 6*f + 5. Let x be g(-4). Let b be ((-12)/42)/(2/(-56)). Let o(c) = -2*c**2 + 3 + 13*c - b*c - 8*c. Give o(x).
-6
Let a(c) = c**3 + 11*c**2 - c - 4. Let w(u) = -u**2 - 5*u + 23. Let x be w(3). Let i be -1*(x - 2) - 14. Give a(i).
7
Let m(o) = o**3 - 11*o**2 + 11*o + 13. Let x(b) = 3*b + 34*b + 2*b**2 + 1 + 37 - 10. Let a be x(-18). Give m(a).
23
Let a(d) be the second derivative of d**4/4 + d**3/6 - 332*d. Determine a(-1).
2
Let i(d) = 3*d**3 - 5*d**2 + 7*d - 5. Let k(c) = 3*c**3 - 8*c**2 + 7*c - 7. Let v(f) = 5*i(f) - 4*k(f). Give v(-2).
-7
Let b(n) be the first derivative of -n**2/2 - n + 243. Suppose 0 = -6*x + x - 20. Give b(x).
3
Let z(u) be the third derivative of -u**4/3 - 3*u**3/2 + 9*u**2 + 2. Calculate z(-6).
39
Let a be (7 + -5 + 3)*-1. Let n(s) = -36*s + 17 - 29*s - 5 + 66*s. Calculate n(a).
7
Let f(j) = -5 + 1 - 146*j + 294*j - 149*j - 2*j**2. Let n = 45 + -21. Let o = n + -27. Give f(o).
-19
Let q = 5 + -13. Let s be ((-6)/(-4))/((-3)/q). Let c(a) be the third derivative of -a**4/4 + 5*a**3/6 - 96*a**2 + 19*a. Calculate c(s).
-19
Let u(y) be the first derivative of -y**4/2 + 8*y**3/3 + 6*y**2 - y - 305. What is u(5)?
9
Suppose -p + 0*w - 15 = 5*w, -w = -p + 3. Suppose d = -p*d. Let m(n) = -7*n + 230*n**2 + 7*n - 231*n**2 - 5. Determine m(d).
-5
Let i be (-2)/(-3) + -3*57/(-27). Suppose -3*b = 3*s - 2*s - i, 3*s = -4*b + 11. Let t(k) = 10*k**b + 4*k - k**3 - 2 + 3*k**2 - 19*k**2. Calculate t(-7).
19
Let k(s) = -s**2 + 6*s + 5. Suppose 11 = -v - 2*r, 2*v + 2*r = 7*r - 13. Let d be (2 - -1)/(v/(-15)). What is k(d)?
10
Let z(j) = -3 - 28*j + 14*j + 17*j + j**2. Let i be (0 - (3 + -8)) + (-3 - -3 - 11). What is z(i)?
15
Suppose d - 5*w = -11, 4*d = w + 15 - 2. Let u be (d/3)/((-96)/(-216)). Let f(z) = -3*z**2 + 3. What is f(u)?
-24
Let a(s) = -s + 6. Let m = -85 - -53. Suppose -12 = o - 44. Let k = m + o. Determine a(k).
6
Let y(b) = -4*b**2 - 3*b**2 + 3*b**2. Suppose -28*j = 201 - 257. Give y(j).
-16
Let s = -336 - -94. Let v = 240 + s. Let b(w) be the first derivative of w**2/2 + 2*w + 1. What is b(v)?
0
Let h(p) = -p**3 - 11*p**2 - 10*p + 16. Suppose -4*a + 3*m - 16 - 40 = 0, -3*a + 5*m = 53. Give h(a).
126
Let x(a) = 2*a**2 - 4*a + 4. Let d(z) = 9*z + 1 - 8*z - 2 + 0. Let i(g) = -6*d(g) - x(g). Give i(2).
-10
Let i(s) = 12*s - 11. Let q be i(2). Suppose 5*u = 17 + q. Let j = u + -6. Let p(a) = -a**3 - a - 9. Calculate p(j).
-9
Let k(h) = -25*h**2 + h + 1. Let t(w) be the first derivative of 25*w**3/3 - w**2/2 - w + 54. Let q(a) = -3*k(a) - 4*t(a). Give q(-1).
-25
Let d(u) = u**2 + 4. Let i(k) = -k**3 + 10*k**2 - 9*k + 13. Let y be i(9). Let m(x) = 1 + y*x**2 - 17*x**2 + 3*x**2. Let w be m(1). Calculate d(w).
4
Let l(c) = -2*c**2 - 2*c + 5. Let i(p) = p**2 - 1. Let w = 531 - 532. Let j(z) = w*l(z) - 3*i(z). Determine j(0).
-2
Suppose 4*l + 5*d - 669 = -88, -l + 154 = 3*d. Suppose -18*u + l = -59. Let y(v) = -v + 4*v**2 + 2*v**3 + 6 - 3*v**3 + 12*v + 6*v**2. What is y(u)?
6
Let y(z) be the second derivative of z**4/3 - z**3/6 + z**2/2 - 206*z. Let j(a) = 18*a**2 - 2*a + 6. Let d(b) = -j(b) + 4*y(b). Determine d(3).
-26
Let q(t) = 6*t + 12. Let w be 32 - 24 - 17 - (-8 - 1). Give q(w).
12
Let b(y) = y**3 + 8*y**2 + 8*y - 8. Let w(p) = 17*p - 129. Let q(r) = -r + 1. Let l(a) = 2*q(a) + w(a). Let t be l(8). What is b(t)?
-15
Let w(d) be the first derivative of -3*d**2/2 - 11*d - 302. Determine w(8).
-35
Let w(s) = -s**2 + 7*s - 7. Let x = 342 - 316. Suppose 4*j - 4*u = 2*j + x, -2*u = -5*j + 49. Calculate w(j).
-25
Let s(l) = 14*l**2 + l - 15*l**2 + l. Suppose -5*f + 13 = 2*i, i - 5 = -3*f + f. Let d be f/((-2)/1 + 3). What is s(d)?
-3
Suppose -12*g = 471 - 663. Let w(a) = -a**2 + 14*a + 50. Calculate w(g).
18
Let w(i) = 116*i - 329*i + 109*i - 16 + 107*i. What is w(-8)?
-40
Let t(s) be the first derivative of 1/3*s**3 + 2*s**2 - 5*s - 1. Let d = -31452 - -31448. Determine t(d).
-5
Let v = 386 + -356. Let i(s) = -v*s - 21*s - 31*s + 83*s. Let a(k) = k**2 + 2*k - 1. Let d be a(-2). Determine i(d).
-1
Let u(i) be the first derivative of 1/2*i**2 - 225 + 7/4*i**4 - 1/3*i**3 + i. What is u(1)?
8
Let x be -2*3*((-1)/(-6)*25 - 5). Let o(m) = -m**3 + 9*m**2 - 13*m + 4. What is o(x)?
39
Let z(j) = j + 14. Let l be (0 - -21 - (18 + -14)) + -6. Give z(l).
25
Suppose 730 + 1146 = 4*z - w, 0 = 5*z - w - 2346. Let g = -476 + z. Let o(l) = 1. Let u(m) = -m**2 - 7*m - 3. Let y(d) = -5*o(d) - u(d). What is y(g)?
-8
Let u be 3/(-9) + 22/(-6). Let o(q) be the second derivative of -4*q**2 - 1/6*q**3 + 55*q + 0. Give o(u).
-4
Let m(h) = 21*h - 1. Let d(n) = 6*n. Let a(v) = -3*d(v) + m(v). Let w be (2 - -1)/(3/2). Give a(w).
5
Let n(x) be the first derivative of -4*x**2 - 8/3*x**3 + 93 + 1/4*x**4 - 10*x. What is n(9)?
-1
Let m(y) = -y + 9. Let q(d) = -d**2 + 3*d + 32. Let n be q(-4). Let i be 6/n - (-225)/50. Give m(i).
3
Let f(i) = 31 - 150*i + 12*i + 45*i + 43*i + 44*i. Determine f(13).
-47
Let x(n) = 36*n + 32*n + 119 + 23*n**2 + 38*n - 111*n + n**2 - n**3. Give x(24).
-1
Let z be